{"id":79282,"date":"2022-01-24T22:32:04","date_gmt":"2022-01-24T22:32:04","guid":{"rendered":"https:\/\/v2charge.com\/por-que-mi-punto-de-recarga-baja-la-potencia-de-recarga-durante-el-ultimo-minuto-de-la-recarga\/"},"modified":"2023-07-19T06:37:54","modified_gmt":"2023-07-19T06:37:54","slug":"warum-verringert-mein-e-charger-die-ladeleistung-in-der-letzten-minute","status":"publish","type":"page","link":"https:\/\/v2charge.com\/de\/warum-verringert-mein-e-charger-die-ladeleistung-in-der-letzten-minute\/","title":{"rendered":"Warum verringert mein e-Charger die Ladeleistung in der letzten Minute?"},"content":{"rendered":"<p>Um die Lebensdauer Ihres Ladeger\u00e4ts so weit wie m\u00f6glich zu verl\u00e4ngern, vermeiden wir Lichtbogenkontakte so weit wie m\u00f6glich. Wenn wir wissen, dass der Ladevorgang zu Ende geht, reduzieren wir die Ladeleistung auf das Maximum, um einen Lichtbogen zu Beginn des Ladevorgangs zu vermeiden.<\/p>\n","protected":false},"excerpt":{"rendered":"<p>Um die Lebensdauer Ihres Ladeger\u00e4ts so weit wie m\u00f6glich zu verl\u00e4ngern, vermeiden wir Lichtbogenkontakte so weit wie m\u00f6glich. Wenn wir wissen, dass der Ladevorgang zu Ende geht, reduzieren wir die Ladeleistung auf das Maximum, um einen Lichtbogen zu Beginn des Ladevorgangs zu vermeiden.<\/p>\n","protected":false},"author":1,"featured_media":0,"parent":0,"menu_order":0,"comment_status":"closed","ping_status":"closed","template":"","meta":{"_eb_attr":"","content-type":"","_uag_custom_page_level_css":"","footnotes":""},"class_list":["post-79282","page","type-page","status-publish"],"yoast_head":"<!-- This site is optimized with the Yoast SEO plugin v25.3.1 - https:\/\/yoast.com\/wordpress\/plugins\/seo\/ -->\n<title>Warum verliert mein E-Ladeger\u00e4t in der letzten Minute an Leistung?<\/title>\n<meta name=\"description\" content=\"Wir erkl\u00e4ren, warum Ihre Ladestation in der letzten Minute des Ladevorgangs an Leistung verliert: Eine M\u00f6glichkeit, die Lebensdauer des Ladeger\u00e4ts zu verl\u00e4ngern.\" \/>\n<meta name=\"robots\" content=\"index, follow, max-snippet:-1, max-image-preview:large, max-video-preview:-1\" \/>\n<link rel=\"canonical\" href=\"https:\/\/v2charge.com\/de\/warum-verringert-mein-e-charger-die-ladeleistung-in-der-letzten-minute\/\" \/>\n<meta property=\"og:locale\" content=\"de_DE\" \/>\n<meta property=\"og:type\" content=\"article\" \/>\n<meta property=\"og:title\" content=\"Warum verliert mein E-Ladeger\u00e4t in der letzten Minute an Leistung?\" \/>\n<meta property=\"og:description\" content=\"Wir erkl\u00e4ren, warum Ihre Ladestation in der letzten Minute des Ladevorgangs an Leistung verliert: Eine M\u00f6glichkeit, die Lebensdauer des Ladeger\u00e4ts zu verl\u00e4ngern.\" \/>\n<meta property=\"og:url\" content=\"https:\/\/v2charge.com\/de\/warum-verringert-mein-e-charger-die-ladeleistung-in-der-letzten-minute\/\" \/>\n<meta property=\"og:site_name\" content=\"V2C\" \/>\n<meta property=\"article:publisher\" content=\"https:\/\/www.facebook.com\/V2C.Charge\" \/>\n<meta property=\"article:modified_time\" content=\"2023-07-19T06:37:54+00:00\" \/>\n<meta property=\"og:image\" content=\"https:\/\/v2charge.com\/wp-content\/uploads\/2024\/07\/v2c-electric-chargers.jpg\" \/>\n\t<meta property=\"og:image:width\" content=\"1200\" \/>\n\t<meta property=\"og:image:height\" content=\"675\" \/>\n\t<meta property=\"og:image:type\" content=\"image\/jpeg\" \/>\n<meta name=\"twitter:card\" content=\"summary_large_image\" \/>\n<meta name=\"twitter:site\" content=\"@V2C_Charge\" \/>\n<script type=\"application\/ld+json\" class=\"yoast-schema-graph\">{\"@context\":\"https:\/\/schema.org\",\"@graph\":[{\"@type\":\"WebPage\",\"@id\":\"https:\/\/v2charge.com\/de\/warum-verringert-mein-e-charger-die-ladeleistung-in-der-letzten-minute\/\",\"url\":\"https:\/\/v2charge.com\/de\/warum-verringert-mein-e-charger-die-ladeleistung-in-der-letzten-minute\/\",\"name\":\"Warum verliert mein E-Ladeger\u00e4t in der letzten Minute an Leistung?\",\"isPartOf\":{\"@id\":\"https:\/\/v2charge.com\/de\/#website\"},\"datePublished\":\"2022-01-24T22:32:04+00:00\",\"dateModified\":\"2023-07-19T06:37:54+00:00\",\"description\":\"Wir erkl\u00e4ren, warum Ihre Ladestation in der letzten Minute des Ladevorgangs an Leistung verliert: Eine M\u00f6glichkeit, die Lebensdauer des Ladeger\u00e4ts zu verl\u00e4ngern.\",\"breadcrumb\":{\"@id\":\"https:\/\/v2charge.com\/de\/warum-verringert-mein-e-charger-die-ladeleistung-in-der-letzten-minute\/#breadcrumb\"},\"inLanguage\":\"de\",\"potentialAction\":[{\"@type\":\"ReadAction\",\"target\":[\"https:\/\/v2charge.com\/de\/warum-verringert-mein-e-charger-die-ladeleistung-in-der-letzten-minute\/\"]}]},{\"@type\":\"BreadcrumbList\",\"@id\":\"https:\/\/v2charge.com\/de\/warum-verringert-mein-e-charger-die-ladeleistung-in-der-letzten-minute\/#breadcrumb\",\"itemListElement\":[{\"@type\":\"ListItem\",\"position\":1,\"name\":\"V2C\",\"item\":\"https:\/\/v2charge.com\/de\/\"},{\"@type\":\"ListItem\",\"position\":2,\"name\":\"Warum verringert mein e-Charger die Ladeleistung in der letzten Minute?\"}]},{\"@type\":\"WebSite\",\"@id\":\"https:\/\/v2charge.com\/de\/#website\",\"url\":\"https:\/\/v2charge.com\/de\/\",\"name\":\"V2C\",\"description\":\"#CargandoElMa\u00f1ana\",\"publisher\":{\"@id\":\"https:\/\/v2charge.com\/de\/#organization\"},\"potentialAction\":[{\"@type\":\"SearchAction\",\"target\":{\"@type\":\"EntryPoint\",\"urlTemplate\":\"https:\/\/v2charge.com\/de\/?s={search_term_string}\"},\"query-input\":{\"@type\":\"PropertyValueSpecification\",\"valueRequired\":true,\"valueName\":\"search_term_string\"}}],\"inLanguage\":\"de\"},{\"@type\":\"Organization\",\"@id\":\"https:\/\/v2charge.com\/de\/#organization\",\"name\":\"V2C\",\"url\":\"https:\/\/v2charge.com\/de\/\",\"logo\":{\"@type\":\"ImageObject\",\"inLanguage\":\"de\",\"@id\":\"https:\/\/v2charge.com\/de\/#\/schema\/logo\/image\/\",\"url\":\"https:\/\/v2charge.com\/wp-content\/uploads\/2024\/11\/cropped-v2c-charge-logo-menu.png\",\"contentUrl\":\"https:\/\/v2charge.com\/wp-content\/uploads\/2024\/11\/cropped-v2c-charge-logo-menu.png\",\"width\":984,\"height\":431,\"caption\":\"V2C\"},\"image\":{\"@id\":\"https:\/\/v2charge.com\/de\/#\/schema\/logo\/image\/\"},\"sameAs\":[\"https:\/\/www.facebook.com\/V2C.Charge\",\"https:\/\/x.com\/V2C_Charge\",\"https:\/\/www.instagram.com\/v2c.charge\/\",\"https:\/\/www.youtube.com\/@V2C\",\"https:\/\/www.linkedin.com\/company\/v2c-chargers\/\"]}]}<\/script>\n<!-- \/ Yoast SEO plugin. -->","yoast_head_json":{"title":"Warum verliert mein E-Ladeger\u00e4t in der letzten Minute an Leistung?","description":"Wir erkl\u00e4ren, warum Ihre Ladestation in der letzten Minute des Ladevorgangs an Leistung verliert: Eine M\u00f6glichkeit, die Lebensdauer des Ladeger\u00e4ts zu verl\u00e4ngern.","robots":{"index":"index","follow":"follow","max-snippet":"max-snippet:-1","max-image-preview":"max-image-preview:large","max-video-preview":"max-video-preview:-1"},"canonical":"https:\/\/v2charge.com\/de\/warum-verringert-mein-e-charger-die-ladeleistung-in-der-letzten-minute\/","og_locale":"de_DE","og_type":"article","og_title":"Warum verliert mein E-Ladeger\u00e4t in der letzten Minute an Leistung?","og_description":"Wir erkl\u00e4ren, warum Ihre Ladestation in der letzten Minute des Ladevorgangs an Leistung verliert: Eine M\u00f6glichkeit, die Lebensdauer des Ladeger\u00e4ts zu verl\u00e4ngern.","og_url":"https:\/\/v2charge.com\/de\/warum-verringert-mein-e-charger-die-ladeleistung-in-der-letzten-minute\/","og_site_name":"V2C","article_publisher":"https:\/\/www.facebook.com\/V2C.Charge","article_modified_time":"2023-07-19T06:37:54+00:00","og_image":[{"width":1200,"height":675,"url":"https:\/\/v2charge.com\/wp-content\/uploads\/2024\/07\/v2c-electric-chargers.jpg","type":"image\/jpeg"}],"twitter_card":"summary_large_image","twitter_site":"@V2C_Charge","schema":{"@context":"https:\/\/schema.org","@graph":[{"@type":"WebPage","@id":"https:\/\/v2charge.com\/de\/warum-verringert-mein-e-charger-die-ladeleistung-in-der-letzten-minute\/","url":"https:\/\/v2charge.com\/de\/warum-verringert-mein-e-charger-die-ladeleistung-in-der-letzten-minute\/","name":"Warum verliert mein E-Ladeger\u00e4t in der letzten Minute an Leistung?","isPartOf":{"@id":"https:\/\/v2charge.com\/de\/#website"},"datePublished":"2022-01-24T22:32:04+00:00","dateModified":"2023-07-19T06:37:54+00:00","description":"Wir erkl\u00e4ren, warum Ihre Ladestation in der letzten Minute des Ladevorgangs an Leistung verliert: Eine M\u00f6glichkeit, die Lebensdauer des Ladeger\u00e4ts zu verl\u00e4ngern.","breadcrumb":{"@id":"https:\/\/v2charge.com\/de\/warum-verringert-mein-e-charger-die-ladeleistung-in-der-letzten-minute\/#breadcrumb"},"inLanguage":"de","potentialAction":[{"@type":"ReadAction","target":["https:\/\/v2charge.com\/de\/warum-verringert-mein-e-charger-die-ladeleistung-in-der-letzten-minute\/"]}]},{"@type":"BreadcrumbList","@id":"https:\/\/v2charge.com\/de\/warum-verringert-mein-e-charger-die-ladeleistung-in-der-letzten-minute\/#breadcrumb","itemListElement":[{"@type":"ListItem","position":1,"name":"V2C","item":"https:\/\/v2charge.com\/de\/"},{"@type":"ListItem","position":2,"name":"Warum verringert mein e-Charger die Ladeleistung in der letzten Minute?"}]},{"@type":"WebSite","@id":"https:\/\/v2charge.com\/de\/#website","url":"https:\/\/v2charge.com\/de\/","name":"V2C","description":"#CargandoElMa\u00f1ana","publisher":{"@id":"https:\/\/v2charge.com\/de\/#organization"},"potentialAction":[{"@type":"SearchAction","target":{"@type":"EntryPoint","urlTemplate":"https:\/\/v2charge.com\/de\/?s={search_term_string}"},"query-input":{"@type":"PropertyValueSpecification","valueRequired":true,"valueName":"search_term_string"}}],"inLanguage":"de"},{"@type":"Organization","@id":"https:\/\/v2charge.com\/de\/#organization","name":"V2C","url":"https:\/\/v2charge.com\/de\/","logo":{"@type":"ImageObject","inLanguage":"de","@id":"https:\/\/v2charge.com\/de\/#\/schema\/logo\/image\/","url":"https:\/\/v2charge.com\/wp-content\/uploads\/2024\/11\/cropped-v2c-charge-logo-menu.png","contentUrl":"https:\/\/v2charge.com\/wp-content\/uploads\/2024\/11\/cropped-v2c-charge-logo-menu.png","width":984,"height":431,"caption":"V2C"},"image":{"@id":"https:\/\/v2charge.com\/de\/#\/schema\/logo\/image\/"},"sameAs":["https:\/\/www.facebook.com\/V2C.Charge","https:\/\/x.com\/V2C_Charge","https:\/\/www.instagram.com\/v2c.charge\/","https:\/\/www.youtube.com\/@V2C","https:\/\/www.linkedin.com\/company\/v2c-chargers\/"]}]}},"uagb_featured_image_src":{"full":false,"thumbnail":false,"medium":false,"medium_large":false,"large":false,"gs-tiny":false,"xl":false,"xxl":false,"xxxl":false,"xxxxl":false,"xxxxxl":false,"1536x1536":false,"2048x2048":false},"uagb_author_info":{"display_name":"V2C","author_link":"https:\/\/v2charge.com\/de\/author\/root_k4eu7ki8\/"},"uagb_comment_info":0,"uagb_excerpt":"Um die Lebensdauer Ihres Ladeger\u00e4ts so weit wie m\u00f6glich zu verl\u00e4ngern, vermeiden wir Lichtbogenkontakte so weit wie m\u00f6glich. Wenn wir wissen, dass der Ladevorgang zu Ende geht, reduzieren wir die Ladeleistung auf das Maximum, um einen Lichtbogen zu Beginn des Ladevorgangs zu vermeiden.","_links":{"self":[{"href":"https:\/\/v2charge.com\/de\/wp-json\/wp\/v2\/pages\/79282","targetHints":{"allow":["GET"]}}],"collection":[{"href":"https:\/\/v2charge.com\/de\/wp-json\/wp\/v2\/pages"}],"about":[{"href":"https:\/\/v2charge.com\/de\/wp-json\/wp\/v2\/types\/page"}],"author":[{"embeddable":true,"href":"https:\/\/v2charge.com\/de\/wp-json\/wp\/v2\/users\/1"}],"replies":[{"embeddable":true,"href":"https:\/\/v2charge.com\/de\/wp-json\/wp\/v2\/comments?post=79282"}],"version-history":[{"count":0,"href":"https:\/\/v2charge.com\/de\/wp-json\/wp\/v2\/pages\/79282\/revisions"}],"wp:attachment":[{"href":"https:\/\/v2charge.com\/de\/wp-json\/wp\/v2\/media?parent=79282"}],"curies":[{"name":"wp","href":"https:\/\/api.w.org\/{rel}","templated":true}]}}

<p>Um die Lebensdauer Ihres Ladegeräts so weit wie möglich zu verlängern, vermeiden wir Lichtbogenkontakte so weit wie möglich. Wenn wir wissen, dass der Ladevorgang zu Ende geht, reduzieren wir die Ladeleistung auf das Maximum, um einen Lichtbogen zu Beginn des Ladevorgangs zu vermeiden.</p>

<!-- This site is optimized with the Yoast SEO plugin v25.3.1 - https://yoast.com/wordpress/plugins/seo/ -->
<title>Warum verliert mein E-Ladegerät in der letzten Minute an Leistung?</title>
<meta name="description" content="Wir erklären, warum Ihre Ladestation in der letzten Minute des Ladevorgangs an Leistung verliert: Eine Möglichkeit, die Lebensdauer des Ladegeräts zu verlängern." />
<meta name="robots" content="index, follow, max-snippet:-1, max-image-preview:large, max-video-preview:-1" />
<link rel="canonical" href="https://v2charge.com/de/warum-verringert-mein-e-charger-die-ladeleistung-in-der-letzten-minute/" />
<meta property="og:locale" content="de_DE" />
<meta property="og:type" content="article" />
<meta property="og:title" content="Warum verliert mein E-Ladegerät in der letzten Minute an Leistung?" />
<meta property="og:description" content="Wir erklären, warum Ihre Ladestation in der letzten Minute des Ladevorgangs an Leistung verliert: Eine Möglichkeit, die Lebensdauer des Ladegeräts zu verlängern." />
<meta property="og:url" content="https://v2charge.com/de/warum-verringert-mein-e-charger-die-ladeleistung-in-der-letzten-minute/" />
<meta property="og:site_name" content="V2C" />
<meta property="article:publisher" content="https://www.facebook.com/V2C.Charge" />
<meta property="article:modified_time" content="2023-07-19T06:37:54+00:00" />
<meta property="og:image" content="https://v2charge.com/wp-content/uploads/2024/07/v2c-electric-chargers.jpg" />
	<meta property="og:image:width" content="1200" />
	<meta property="og:image:height" content="675" />
	<meta property="og:image:type" content="image/jpeg" />
<meta name="twitter:card" content="summary_large_image" />
<meta name="twitter:site" content="@V2C_Charge" />
<script type="application/ld+json" class="yoast-schema-graph">{"@context":"https://schema.org","@graph":[{"@type":"WebPage","@id":"https://v2charge.com/de/warum-verringert-mein-e-charger-die-ladeleistung-in-der-letzten-minute/","url":"https://v2charge.com/de/warum-verringert-mein-e-charger-die-ladeleistung-in-der-letzten-minute/","name":"Warum verliert mein E-Ladegerät in der letzten Minute an Leistung?","isPartOf":{"@id":"https://v2charge.com/de/#website"},"datePublished":"2022-01-24T22:32:04+00:00","dateModified":"2023-07-19T06:37:54+00:00","description":"Wir erklären, warum Ihre Ladestation in der letzten Minute des Ladevorgangs an Leistung verliert: Eine Möglichkeit, die Lebensdauer des Ladegeräts zu verlängern.","breadcrumb":{"@id":"https://v2charge.com/de/warum-verringert-mein-e-charger-die-ladeleistung-in-der-letzten-minute/#breadcrumb"},"inLanguage":"de","potentialAction":[{"@type":"ReadAction","target":["https://v2charge.com/de/warum-verringert-mein-e-charger-die-ladeleistung-in-der-letzten-minute/"]}]},{"@type":"BreadcrumbList","@id":"https://v2charge.com/de/warum-verringert-mein-e-charger-die-ladeleistung-in-der-letzten-minute/#breadcrumb","itemListElement":[{"@type":"ListItem","position":1,"name":"V2C","item":"https://v2charge.com/de/"},{"@type":"ListItem","position":2,"name":"Warum verringert mein e-Charger die Ladeleistung in der letzten Minute?"}]},{"@type":"WebSite","@id":"https://v2charge.com/de/#website","url":"https://v2charge.com/de/","name":"V2C","description":"#CargandoElMañana","publisher":{"@id":"https://v2charge.com/de/#organization"},"potentialAction":[{"@type":"SearchAction","target":{"@type":"EntryPoint","urlTemplate":"https://v2charge.com/de/?s={search_term_string}"},"query-input":{"@type":"PropertyValueSpecification","valueRequired":true,"valueName":"search_term_string"}}],"inLanguage":"de"},{"@type":"Organization","@id":"https://v2charge.com/de/#organization","name":"V2C","url":"https://v2charge.com/de/","logo":{"@type":"ImageObject","inLanguage":"de","@id":"https://v2charge.com/de/#/schema/logo/image/","url":"https://v2charge.com/wp-content/uploads/2024/11/cropped-v2c-charge-logo-menu.png","contentUrl":"https://v2charge.com/wp-content/uploads/2024/11/cropped-v2c-charge-logo-menu.png","width":984,"height":431,"caption":"V2C"},"image":{"@id":"https://v2charge.com/de/#/schema/logo/image/"},"sameAs":["https://www.facebook.com/V2C.Charge","https://x.com/V2C_Charge","https://www.instagram.com/v2c.charge/","https://www.youtube.com/@V2C","https://www.linkedin.com/company/v2c-chargers/"]}]}</script>
<!-- / Yoast SEO plugin. -->

Warum verliert mein E-Ladegerät in der letzten Minute an Leistung?

Wir erklären, warum Ihre Ladestation in der letzten Minute des Ladevorgangs an Leistung verliert: Eine Möglichkeit, die Lebensdauer des Ladegeräts zu verlängern.

#CargandoElMañana

Um die Lebensdauer Ihres Ladegeräts so weit wie möglich zu verlängern, vermeiden wir Lichtbogenkontakte so weit wie möglich. Wenn wir wissen, dass der Ladevorgang zu Ende geht, reduzieren wir die Ladeleistung auf das Maximum, um einen Lichtbogen zu Beginn des Ladevorgangs zu vermeiden.
