{"id":8836,"date":"2023-03-13T09:41:45","date_gmt":"2023-03-13T09:41:45","guid":{"rendered":"https:\/\/v2charge.com\/store\/?post_type=product&#038;p=8836"},"modified":"2026-04-14T06:43:33","modified_gmt":"2026-04-14T06:43:33","slug":"cubierta-proteccion-exterior","status":"publish","type":"product","link":"https:\/\/v2charge.com\/store\/es\/producto\/cubierta-proteccion-exterior\/","title":{"rendered":"Cubierta de protecci\u00f3n exterior para Trydan\/Trydan Pro"},"content":{"rendered":"<p>Fabricado en metacrilato de 4mm de alta calidad, logra la <strong>m\u00e1xima durabilidad del cargador<\/strong> al protegerlo de todas las condiciones meteorol\u00f3gicas.<\/p>\n<p><strong>F\u00e1cil de instalar.<\/strong> Incluye tacos y tornillos para una fijaci\u00f3n r\u00e1pida y c\u00f3moda.<\/p>\n<p><strong>Fabricado en Espa\u00f1a. <\/strong>Dise\u00f1ado y fabricado en Valencia para ofrecer la m\u00e1xima calidad.<\/p>\n<p><strong>M\u00e1xima resistencia. <\/strong>Material r\u00edgido y totalmente resistente al impacto.<\/p>\n<h2>Caracter\u00edsticas t\u00e9cnicas<\/h2>\n<p class=\"p3\"><strong>Material<\/strong><br \/>\nMetacrilato negro brillo de 4mm con goma de poliuretano<\/p>\n<p><strong>Fijaci\u00f3n<\/strong><br \/>\nMediante 3 tornillos con tacos en escuadras inoxidables AISI 304 (incluidos)<\/p>\n<p><strong>Dimensiones<\/strong><br \/>\nAncho: 540mm<br \/>\nAlto: 400mm<br \/>\nProfundidad: 245mm<\/p>\n<p><strong>Peso<\/strong><br \/>\n1,5 kg<\/p>\n<h2>C\u00f3mo instalar la cubierta para Trydan o Trydan Pro<\/h2>\n<p><iframe title=\"C\u00f3mo realizar el montaje de la cubierta de Trydan\" width=\"1150\" height=\"647\" src=\"https:\/\/www.youtube.com\/embed\/b9IJLYUwyas?feature=oembed\" frameborder=\"0\" allow=\"accelerometer; autoplay; clipboard-write; encrypted-media; gyroscope; picture-in-picture; web-share\" referrerpolicy=\"strict-origin-when-cross-origin\" allowfullscreen><\/iframe><\/p>\n","protected":false},"excerpt":{"rendered":"<p>Cubierta o tejadillo para proteger el e-Charger Trydan o Trydan Pro de la intemperie.<\/p>\n<p>Garantiza una <strong>protecci\u00f3n resistente<\/strong> contra la lluvia, nieve y rayos UV.<\/p>\n","protected":false},"featured_media":8839,"template":"","meta":{"content-type":"","inline_featured_image":false},"product_brand":[],"product_cat":[168],"product_tag":[],"class_list":{"0":"post-8836","1":"product","2":"type-product","3":"status-publish","4":"has-post-thumbnail","6":"product_cat-accesorios","8":"first","9":"instock","10":"taxable","11":"shipping-taxable","12":"purchasable","13":"product-type-simple"},"yoast_head":"<!-- This site is optimized with the Yoast SEO plugin v27.0 - https:\/\/yoast.com\/product\/yoast-seo-wordpress\/ -->\n<title>Cubierta de protecci\u00f3n exterior para Trydan o Trydan Pro<\/title>\n<meta name=\"description\" content=\"Cubierta o tejadillo para proteger el e-Charger Trydan o Trydan Pro de la intemperie | M\u00e1xima resistencia | Instalaci\u00f3n f\u00e1cil y r\u00e1pida\" \/>\n<meta name=\"robots\" content=\"index, follow, max-snippet:-1, max-image-preview:large, max-video-preview:-1\" \/>\n<link rel=\"canonical\" href=\"https:\/\/v2charge.com\/store\/es\/producto\/cubierta-proteccion-exterior\/\" \/>\n<meta property=\"og:locale\" content=\"es_ES\" \/>\n<meta property=\"og:type\" content=\"article\" \/>\n<meta property=\"og:title\" content=\"Cubierta de protecci\u00f3n exterior para Trydan o Trydan Pro\" \/>\n<meta property=\"og:description\" content=\"Cubierta o tejadillo para proteger el e-Charger Trydan o Trydan Pro de la intemperie | M\u00e1xima resistencia | Instalaci\u00f3n f\u00e1cil y r\u00e1pida\" \/>\n<meta property=\"og:url\" content=\"https:\/\/v2charge.com\/store\/es\/producto\/cubierta-proteccion-exterior\/\" \/>\n<meta property=\"og:site_name\" content=\"V2C Store\" \/>\n<meta property=\"article:modified_time\" content=\"2026-04-14T06:43:33+00:00\" \/>\n<meta property=\"og:image\" content=\"https:\/\/v2charge.com\/store\/wp-content\/uploads\/2023\/03\/cubierta_cargador_trydan.jpg\" \/>\n\t<meta property=\"og:image:width\" content=\"600\" \/>\n\t<meta property=\"og:image:height\" content=\"600\" \/>\n\t<meta property=\"og:image:type\" content=\"image\/jpeg\" \/>\n<meta name=\"twitter:card\" content=\"summary_large_image\" \/>\n<meta name=\"twitter:label1\" content=\"Tiempo de lectura\" \/>\n\t<meta name=\"twitter:data1\" content=\"1 minuto\" \/>\n<script type=\"application\/ld+json\" class=\"yoast-schema-graph\">{\"@context\":\"https:\/\/schema.org\",\"@graph\":[{\"@type\":\"WebPage\",\"@id\":\"https:\/\/v2charge.com\/store\/es\/producto\/cubierta-proteccion-exterior\/\",\"url\":\"https:\/\/v2charge.com\/store\/es\/producto\/cubierta-proteccion-exterior\/\",\"name\":\"Cubierta de protecci\u00f3n exterior para Trydan o Trydan Pro\",\"isPartOf\":{\"@id\":\"https:\/\/v2charge.com\/store\/#website\"},\"primaryImageOfPage\":{\"@id\":\"https:\/\/v2charge.com\/store\/es\/producto\/cubierta-proteccion-exterior\/#primaryimage\"},\"image\":{\"@id\":\"https:\/\/v2charge.com\/store\/es\/producto\/cubierta-proteccion-exterior\/#primaryimage\"},\"thumbnailUrl\":\"https:\/\/v2charge.com\/store\/wp-content\/uploads\/2023\/03\/cubierta_cargador_trydan.jpg\",\"datePublished\":\"2023-03-13T09:41:45+00:00\",\"dateModified\":\"2026-04-14T06:43:33+00:00\",\"description\":\"Cubierta o tejadillo para proteger el e-Charger Trydan o Trydan Pro de la intemperie | M\u00e1xima resistencia | Instalaci\u00f3n f\u00e1cil y r\u00e1pida\",\"breadcrumb\":{\"@id\":\"https:\/\/v2charge.com\/store\/es\/producto\/cubierta-proteccion-exterior\/#breadcrumb\"},\"inLanguage\":\"es\",\"potentialAction\":[{\"@type\":\"ReadAction\",\"target\":[\"https:\/\/v2charge.com\/store\/es\/producto\/cubierta-proteccion-exterior\/\"]}]},{\"@type\":\"ImageObject\",\"inLanguage\":\"es\",\"@id\":\"https:\/\/v2charge.com\/store\/es\/producto\/cubierta-proteccion-exterior\/#primaryimage\",\"url\":\"https:\/\/v2charge.com\/store\/wp-content\/uploads\/2023\/03\/cubierta_cargador_trydan.jpg\",\"contentUrl\":\"https:\/\/v2charge.com\/store\/wp-content\/uploads\/2023\/03\/cubierta_cargador_trydan.jpg\",\"width\":600,\"height\":600,\"caption\":\"Cubierta para cargador Trydan\"},{\"@type\":\"BreadcrumbList\",\"@id\":\"https:\/\/v2charge.com\/store\/es\/producto\/cubierta-proteccion-exterior\/#breadcrumb\",\"itemListElement\":[{\"@type\":\"ListItem\",\"position\":1,\"name\":\"Portada\",\"item\":\"https:\/\/v2charge.com\/store\/pt-pt\/\"},{\"@type\":\"ListItem\",\"position\":2,\"name\":\"Tienda\",\"item\":\"https:\/\/v2charge.com\/store\/shop\/\"},{\"@type\":\"ListItem\",\"position\":3,\"name\":\"Cubierta de protecci\u00f3n exterior para Trydan\/Trydan Pro\"}]},{\"@type\":\"WebSite\",\"@id\":\"https:\/\/v2charge.com\/store\/#website\",\"url\":\"https:\/\/v2charge.com\/store\/\",\"name\":\"V2C Store\",\"description\":\"V2C Store\",\"publisher\":{\"@id\":\"https:\/\/v2charge.com\/store\/#organization\"},\"potentialAction\":[{\"@type\":\"SearchAction\",\"target\":{\"@type\":\"EntryPoint\",\"urlTemplate\":\"https:\/\/v2charge.com\/store\/?s={search_term_string}\"},\"query-input\":{\"@type\":\"PropertyValueSpecification\",\"valueRequired\":true,\"valueName\":\"search_term_string\"}}],\"inLanguage\":\"es\"},{\"@type\":\"Organization\",\"@id\":\"https:\/\/v2charge.com\/store\/#organization\",\"name\":\"V2C Store\",\"url\":\"https:\/\/v2charge.com\/store\/\",\"logo\":{\"@type\":\"ImageObject\",\"inLanguage\":\"es\",\"@id\":\"https:\/\/v2charge.com\/store\/#\/schema\/logo\/image\/\",\"url\":\"https:\/\/v2charge.com\/store\/wp-content\/uploads\/2022\/08\/cropped-cropped-logotipo-v2c-store-1.png\",\"contentUrl\":\"https:\/\/v2charge.com\/store\/wp-content\/uploads\/2022\/08\/cropped-cropped-logotipo-v2c-store-1.png\",\"width\":250,\"height\":65,\"caption\":\"V2C Store\"},\"image\":{\"@id\":\"https:\/\/v2charge.com\/store\/#\/schema\/logo\/image\/\"}}]}<\/script>\n<!-- \/ Yoast SEO plugin. -->","yoast_head_json":{"title":"Cubierta de protecci\u00f3n exterior para Trydan o Trydan Pro","description":"Cubierta o tejadillo para proteger el e-Charger Trydan o Trydan Pro de la intemperie | M\u00e1xima resistencia | Instalaci\u00f3n f\u00e1cil y r\u00e1pida","robots":{"index":"index","follow":"follow","max-snippet":"max-snippet:-1","max-image-preview":"max-image-preview:large","max-video-preview":"max-video-preview:-1"},"canonical":"https:\/\/v2charge.com\/store\/es\/producto\/cubierta-proteccion-exterior\/","og_locale":"es_ES","og_type":"article","og_title":"Cubierta de protecci\u00f3n exterior para Trydan o Trydan Pro","og_description":"Cubierta o tejadillo para proteger el e-Charger Trydan o Trydan Pro de la intemperie | M\u00e1xima resistencia | Instalaci\u00f3n f\u00e1cil y r\u00e1pida","og_url":"https:\/\/v2charge.com\/store\/es\/producto\/cubierta-proteccion-exterior\/","og_site_name":"V2C Store","article_modified_time":"2026-04-14T06:43:33+00:00","og_image":[{"width":600,"height":600,"url":"https:\/\/v2charge.com\/store\/wp-content\/uploads\/2023\/03\/cubierta_cargador_trydan.jpg","type":"image\/jpeg"}],"twitter_card":"summary_large_image","twitter_misc":{"Tiempo de lectura":"1 minuto"},"schema":{"@context":"https:\/\/schema.org","@graph":[{"@type":"WebPage","@id":"https:\/\/v2charge.com\/store\/es\/producto\/cubierta-proteccion-exterior\/","url":"https:\/\/v2charge.com\/store\/es\/producto\/cubierta-proteccion-exterior\/","name":"Cubierta de protecci\u00f3n exterior para Trydan o Trydan Pro","isPartOf":{"@id":"https:\/\/v2charge.com\/store\/#website"},"primaryImageOfPage":{"@id":"https:\/\/v2charge.com\/store\/es\/producto\/cubierta-proteccion-exterior\/#primaryimage"},"image":{"@id":"https:\/\/v2charge.com\/store\/es\/producto\/cubierta-proteccion-exterior\/#primaryimage"},"thumbnailUrl":"https:\/\/v2charge.com\/store\/wp-content\/uploads\/2023\/03\/cubierta_cargador_trydan.jpg","datePublished":"2023-03-13T09:41:45+00:00","dateModified":"2026-04-14T06:43:33+00:00","description":"Cubierta o tejadillo para proteger el e-Charger Trydan o Trydan Pro de la intemperie | M\u00e1xima resistencia | Instalaci\u00f3n f\u00e1cil y r\u00e1pida","breadcrumb":{"@id":"https:\/\/v2charge.com\/store\/es\/producto\/cubierta-proteccion-exterior\/#breadcrumb"},"inLanguage":"es","potentialAction":[{"@type":"ReadAction","target":["https:\/\/v2charge.com\/store\/es\/producto\/cubierta-proteccion-exterior\/"]}]},{"@type":"ImageObject","inLanguage":"es","@id":"https:\/\/v2charge.com\/store\/es\/producto\/cubierta-proteccion-exterior\/#primaryimage","url":"https:\/\/v2charge.com\/store\/wp-content\/uploads\/2023\/03\/cubierta_cargador_trydan.jpg","contentUrl":"https:\/\/v2charge.com\/store\/wp-content\/uploads\/2023\/03\/cubierta_cargador_trydan.jpg","width":600,"height":600,"caption":"Cubierta para cargador Trydan"},{"@type":"BreadcrumbList","@id":"https:\/\/v2charge.com\/store\/es\/producto\/cubierta-proteccion-exterior\/#breadcrumb","itemListElement":[{"@type":"ListItem","position":1,"name":"Portada","item":"https:\/\/v2charge.com\/store\/pt-pt\/"},{"@type":"ListItem","position":2,"name":"Tienda","item":"https:\/\/v2charge.com\/store\/shop\/"},{"@type":"ListItem","position":3,"name":"Cubierta de protecci\u00f3n exterior para Trydan\/Trydan Pro"}]},{"@type":"WebSite","@id":"https:\/\/v2charge.com\/store\/#website","url":"https:\/\/v2charge.com\/store\/","name":"V2C Store","description":"V2C Store","publisher":{"@id":"https:\/\/v2charge.com\/store\/#organization"},"potentialAction":[{"@type":"SearchAction","target":{"@type":"EntryPoint","urlTemplate":"https:\/\/v2charge.com\/store\/?s={search_term_string}"},"query-input":{"@type":"PropertyValueSpecification","valueRequired":true,"valueName":"search_term_string"}}],"inLanguage":"es"},{"@type":"Organization","@id":"https:\/\/v2charge.com\/store\/#organization","name":"V2C Store","url":"https:\/\/v2charge.com\/store\/","logo":{"@type":"ImageObject","inLanguage":"es","@id":"https:\/\/v2charge.com\/store\/#\/schema\/logo\/image\/","url":"https:\/\/v2charge.com\/store\/wp-content\/uploads\/2022\/08\/cropped-cropped-logotipo-v2c-store-1.png","contentUrl":"https:\/\/v2charge.com\/store\/wp-content\/uploads\/2022\/08\/cropped-cropped-logotipo-v2c-store-1.png","width":250,"height":65,"caption":"V2C Store"},"image":{"@id":"https:\/\/v2charge.com\/store\/#\/schema\/logo\/image\/"}}]}},"_links":{"self":[{"href":"https:\/\/v2charge.com\/store\/es\/wp-json\/wp\/v2\/product\/8836","targetHints":{"allow":["GET"]}}],"collection":[{"href":"https:\/\/v2charge.com\/store\/es\/wp-json\/wp\/v2\/product"}],"about":[{"href":"https:\/\/v2charge.com\/store\/es\/wp-json\/wp\/v2\/types\/product"}],"wp:featuredmedia":[{"embeddable":true,"href":"https:\/\/v2charge.com\/store\/es\/wp-json\/wp\/v2\/media\/8839"}],"wp:attachment":[{"href":"https:\/\/v2charge.com\/store\/es\/wp-json\/wp\/v2\/media?parent=8836"}],"wp:term":[{"taxonomy":"product_brand","embeddable":true,"href":"https:\/\/v2charge.com\/store\/es\/wp-json\/wp\/v2\/product_brand?post=8836"},{"taxonomy":"product_cat","embeddable":true,"href":"https:\/\/v2charge.com\/store\/es\/wp-json\/wp\/v2\/product_cat?post=8836"},{"taxonomy":"product_tag","embeddable":true,"href":"https:\/\/v2charge.com\/store\/es\/wp-json\/wp\/v2\/product_tag?post=8836"}],"curies":[{"name":"wp","href":"https:\/\/api.w.org\/{rel}","templated":true}]}}

Cubierta de protección exterior para Trydan/Trydan Pro

<p>Fabricado en metacrilato de 4mm de alta calidad, logra la <strong>máxima durabilidad del cargador</strong> al protegerlo de todas las condiciones meteorológicas.</p>
<p><strong>Fácil de instalar.</strong> Incluye tacos y tornillos para una fijación rápida y cómoda.</p>
<p><strong>Fabricado en España. </strong>Diseñado y fabricado en Valencia para ofrecer la máxima calidad.</p>
<p><strong>Máxima resistencia. </strong>Material rígido y totalmente resistente al impacto.</p>
<h2>Características técnicas</h2>
<p class="p3"><strong>Material</strong><br />
Metacrilato negro brillo de 4mm con goma de poliuretano</p>
<p><strong>Fijación</strong><br />
Mediante 3 tornillos con tacos en escuadras inoxidables AISI 304 (incluidos)</p>
<p><strong>Dimensiones</strong><br />
Ancho: 540mm<br />
Alto: 400mm<br />
Profundidad: 245mm</p>
<p><strong>Peso</strong><br />
1,5 kg</p>
<h2>Cómo instalar la cubierta para Trydan o Trydan Pro</h2>
<p><iframe title="Cómo realizar el montaje de la cubierta de Trydan" width="1150" height="647" src="https://www.youtube.com/embed/b9IJLYUwyas?feature=oembed" frameborder="0" allow="accelerometer; autoplay; clipboard-write; encrypted-media; gyroscope; picture-in-picture; web-share" referrerpolicy="strict-origin-when-cross-origin" allowfullscreen></iframe></p>

<p>Cubierta o tejadillo para proteger el e-Charger Trydan o Trydan Pro de la intemperie.</p>
<p>Garantiza una <strong>protección resistente</strong> contra la lluvia, nieve y rayos UV.</p>

<!-- This site is optimized with the Yoast SEO plugin v27.0 - https://yoast.com/product/yoast-seo-wordpress/ -->
<title>Cubierta de protección exterior para Trydan o Trydan Pro</title>
<meta name="description" content="Cubierta o tejadillo para proteger el e-Charger Trydan o Trydan Pro de la intemperie | Máxima resistencia | Instalación fácil y rápida" />
<meta name="robots" content="index, follow, max-snippet:-1, max-image-preview:large, max-video-preview:-1" />
<link rel="canonical" href="https://v2charge.com/store/es/producto/cubierta-proteccion-exterior/" />
<meta property="og:locale" content="es_ES" />
<meta property="og:type" content="article" />
<meta property="og:title" content="Cubierta de protección exterior para Trydan o Trydan Pro" />
<meta property="og:description" content="Cubierta o tejadillo para proteger el e-Charger Trydan o Trydan Pro de la intemperie | Máxima resistencia | Instalación fácil y rápida" />
<meta property="og:url" content="https://v2charge.com/store/es/producto/cubierta-proteccion-exterior/" />
<meta property="og:site_name" content="V2C Store" />
<meta property="article:modified_time" content="2026-04-14T06:43:33+00:00" />
<meta property="og:image" content="https://v2charge.com/store/wp-content/uploads/2023/03/cubierta_cargador_trydan.jpg" />
	<meta property="og:image:width" content="600" />
	<meta property="og:image:height" content="600" />
	<meta property="og:image:type" content="image/jpeg" />
<meta name="twitter:card" content="summary_large_image" />
<meta name="twitter:label1" content="Tiempo de lectura" />
	<meta name="twitter:data1" content="1 minuto" />
<script type="application/ld+json" class="yoast-schema-graph">{"@context":"https://schema.org","@graph":[{"@type":"WebPage","@id":"https://v2charge.com/store/es/producto/cubierta-proteccion-exterior/","url":"https://v2charge.com/store/es/producto/cubierta-proteccion-exterior/","name":"Cubierta de protección exterior para Trydan o Trydan Pro","isPartOf":{"@id":"https://v2charge.com/store/#website"},"primaryImageOfPage":{"@id":"https://v2charge.com/store/es/producto/cubierta-proteccion-exterior/#primaryimage"},"image":{"@id":"https://v2charge.com/store/es/producto/cubierta-proteccion-exterior/#primaryimage"},"thumbnailUrl":"https://v2charge.com/store/wp-content/uploads/2023/03/cubierta_cargador_trydan.jpg","datePublished":"2023-03-13T09:41:45+00:00","dateModified":"2026-04-14T06:43:33+00:00","description":"Cubierta o tejadillo para proteger el e-Charger Trydan o Trydan Pro de la intemperie | Máxima resistencia | Instalación fácil y rápida","breadcrumb":{"@id":"https://v2charge.com/store/es/producto/cubierta-proteccion-exterior/#breadcrumb"},"inLanguage":"es","potentialAction":[{"@type":"ReadAction","target":["https://v2charge.com/store/es/producto/cubierta-proteccion-exterior/"]}]},{"@type":"ImageObject","inLanguage":"es","@id":"https://v2charge.com/store/es/producto/cubierta-proteccion-exterior/#primaryimage","url":"https://v2charge.com/store/wp-content/uploads/2023/03/cubierta_cargador_trydan.jpg","contentUrl":"https://v2charge.com/store/wp-content/uploads/2023/03/cubierta_cargador_trydan.jpg","width":600,"height":600,"caption":"Cubierta para cargador Trydan"},{"@type":"BreadcrumbList","@id":"https://v2charge.com/store/es/producto/cubierta-proteccion-exterior/#breadcrumb","itemListElement":[{"@type":"ListItem","position":1,"name":"Portada","item":"https://v2charge.com/store/pt-pt/"},{"@type":"ListItem","position":2,"name":"Tienda","item":"https://v2charge.com/store/shop/"},{"@type":"ListItem","position":3,"name":"Cubierta de protección exterior para Trydan/Trydan Pro"}]},{"@type":"WebSite","@id":"https://v2charge.com/store/#website","url":"https://v2charge.com/store/","name":"V2C Store","description":"V2C Store","publisher":{"@id":"https://v2charge.com/store/#organization"},"potentialAction":[{"@type":"SearchAction","target":{"@type":"EntryPoint","urlTemplate":"https://v2charge.com/store/?s={search_term_string}"},"query-input":{"@type":"PropertyValueSpecification","valueRequired":true,"valueName":"search_term_string"}}],"inLanguage":"es"},{"@type":"Organization","@id":"https://v2charge.com/store/#organization","name":"V2C Store","url":"https://v2charge.com/store/","logo":{"@type":"ImageObject","inLanguage":"es","@id":"https://v2charge.com/store/#/schema/logo/image/","url":"https://v2charge.com/store/wp-content/uploads/2022/08/cropped-cropped-logotipo-v2c-store-1.png","contentUrl":"https://v2charge.com/store/wp-content/uploads/2022/08/cropped-cropped-logotipo-v2c-store-1.png","width":250,"height":65,"caption":"V2C Store"},"image":{"@id":"https://v2charge.com/store/#/schema/logo/image/"}}]}</script>
<!-- / Yoast SEO plugin. -->

Cubierta de protección exterior para Trydan o Trydan Pro

Cubierta o tejadillo para proteger el e-Charger Trydan o Trydan Pro de la intemperie | Máxima resistencia | Instalación fácil y rápida
