{"id":15074,"date":"2023-07-24T11:42:41","date_gmt":"2023-07-24T11:42:41","guid":{"rendered":"https:\/\/v2charge.com\/store\/product\/suporte-de-teto-para-trydan-trydan-pro\/"},"modified":"2026-04-14T07:13:29","modified_gmt":"2026-04-14T07:13:29","slug":"suporte-teto-trydan","status":"publish","type":"product","link":"https:\/\/v2charge.com\/store\/pt-pt\/produto\/suporte-teto-trydan\/","title":{"rendered":"Suporte de teto para Trydan\/Trydan Pro"},"content":{"rendered":"<p>Este suporte permite uma instala\u00e7\u00e3o simples em <strong>tetos<\/strong> e <strong>coberturas<\/strong>, ideal para usufruir do carregador em <strong>ambientes abertos onde n\u00e3o existam pilares ou paredes<\/strong>.<\/p>\n<h2>Caracter\u00edsticas t\u00e9cnicas do suporte de teto<\/h2>\n<p class=\"p3\"><strong>Material<br \/>\n<\/strong>Chapa de ferro de 1,5 mm revestida com epoxy.<\/p>\n<p><strong>Fixa\u00e7\u00e3o<\/strong><br \/>\nDo suporte: Atrav\u00e9s de 6 parafusos DIN 571 6&#215;55 com buchas n\u00ba6&#215;50.<br \/>\nDo Trydan: Atrav\u00e9s de 4 parafusos DIN 7985 M5, 4 anilhas DIN 125 5,3 e 4 porcas DIN 934 M5.<\/p>\n<p><strong>Dimens\u00f5es<\/strong><br \/>\nLargura: 90 mm<br \/>\nAltura: 690 mm<br \/>\nProfundidade: 135 mm<\/p>\n<p><strong>Peso<\/strong><br \/>\n3,5 kg<\/p>\n","protected":false},"excerpt":{"rendered":"<p class=\"p1\">Com um design elegante e robusto, o <strong>suporte de teto<\/strong> para Trydan ou Trydan Pro \u00e9 a solu\u00e7\u00e3o perfeita quando n\u00e3o \u00e9 poss\u00edvel instalar o e-Charger na parede.<\/p>\n","protected":false},"featured_media":15075,"template":"","meta":{"content-type":"","inline_featured_image":false},"product_brand":[],"product_cat":[173],"product_tag":[],"class_list":{"0":"post-15074","1":"product","2":"type-product","3":"status-publish","4":"has-post-thumbnail","6":"product_cat-acessorios-pt","8":"first","9":"instock","10":"taxable","11":"shipping-taxable","12":"purchasable","13":"product-type-simple"},"yoast_head":"<!-- This site is optimized with the Yoast SEO plugin v27.0 - https:\/\/yoast.com\/product\/yoast-seo-wordpress\/ -->\n<title>Suporte de teto para o carregador Trydan ou Trydan Pro | V2C Store<\/title>\n<meta name=\"description\" content=\"O melhor suporte para instalar o Trydan ou Trydan Pro em tetos ou coberturas | Solu\u00e7\u00e3o eficaz em ambientes abertos sem pilares ou paredes | V2C\" \/>\n<meta name=\"robots\" content=\"index, follow, max-snippet:-1, max-image-preview:large, max-video-preview:-1\" \/>\n<link rel=\"canonical\" href=\"https:\/\/v2charge.com\/store\/pt-pt\/produto\/suporte-teto-trydan\/\" \/>\n<meta property=\"og:locale\" content=\"pt_PT\" \/>\n<meta property=\"og:type\" content=\"article\" \/>\n<meta property=\"og:title\" content=\"Suporte de teto para o carregador Trydan ou Trydan Pro | V2C Store\" \/>\n<meta property=\"og:description\" content=\"O melhor suporte para instalar o Trydan ou Trydan Pro em tetos ou coberturas | Solu\u00e7\u00e3o eficaz em ambientes abertos sem pilares ou paredes | V2C\" \/>\n<meta property=\"og:url\" content=\"https:\/\/v2charge.com\/store\/pt-pt\/produto\/suporte-teto-trydan\/\" \/>\n<meta property=\"og:site_name\" content=\"V2C Store\" \/>\n<meta property=\"article:modified_time\" content=\"2026-04-14T07:13:29+00:00\" \/>\n<meta property=\"og:image\" content=\"https:\/\/v2charge.com\/store\/wp-content\/uploads\/2023\/07\/trydan-soporte-techo.jpg\" \/>\n\t<meta property=\"og:image:width\" content=\"600\" \/>\n\t<meta property=\"og:image:height\" content=\"600\" \/>\n\t<meta property=\"og:image:type\" content=\"image\/jpeg\" \/>\n<meta name=\"twitter:card\" content=\"summary_large_image\" \/>\n<meta name=\"twitter:label1\" content=\"Tempo estimado de leitura\" \/>\n\t<meta name=\"twitter:data1\" content=\"1 minuto\" \/>\n<script type=\"application\/ld+json\" class=\"yoast-schema-graph\">{\"@context\":\"https:\/\/schema.org\",\"@graph\":[{\"@type\":\"WebPage\",\"@id\":\"https:\/\/v2charge.com\/store\/pt-pt\/produto\/suporte-teto-trydan\/\",\"url\":\"https:\/\/v2charge.com\/store\/pt-pt\/produto\/suporte-teto-trydan\/\",\"name\":\"Suporte de teto para o carregador Trydan ou Trydan Pro | V2C Store\",\"isPartOf\":{\"@id\":\"https:\/\/v2charge.com\/store\/#website\"},\"primaryImageOfPage\":{\"@id\":\"https:\/\/v2charge.com\/store\/pt-pt\/produto\/suporte-teto-trydan\/#primaryimage\"},\"image\":{\"@id\":\"https:\/\/v2charge.com\/store\/pt-pt\/produto\/suporte-teto-trydan\/#primaryimage\"},\"thumbnailUrl\":\"https:\/\/v2charge.com\/store\/wp-content\/uploads\/2023\/07\/trydan-soporte-techo.jpg\",\"datePublished\":\"2023-07-24T11:42:41+00:00\",\"dateModified\":\"2026-04-14T07:13:29+00:00\",\"description\":\"O melhor suporte para instalar o Trydan ou Trydan Pro em tetos ou coberturas | Solu\u00e7\u00e3o eficaz em ambientes abertos sem pilares ou paredes | V2C\",\"breadcrumb\":{\"@id\":\"https:\/\/v2charge.com\/store\/pt-pt\/produto\/suporte-teto-trydan\/#breadcrumb\"},\"inLanguage\":\"pt-PT\",\"potentialAction\":[{\"@type\":\"ReadAction\",\"target\":[\"https:\/\/v2charge.com\/store\/pt-pt\/produto\/suporte-teto-trydan\/\"]}]},{\"@type\":\"ImageObject\",\"inLanguage\":\"pt-PT\",\"@id\":\"https:\/\/v2charge.com\/store\/pt-pt\/produto\/suporte-teto-trydan\/#primaryimage\",\"url\":\"https:\/\/v2charge.com\/store\/wp-content\/uploads\/2023\/07\/trydan-soporte-techo.jpg\",\"contentUrl\":\"https:\/\/v2charge.com\/store\/wp-content\/uploads\/2023\/07\/trydan-soporte-techo.jpg\",\"width\":600,\"height\":600},{\"@type\":\"BreadcrumbList\",\"@id\":\"https:\/\/v2charge.com\/store\/pt-pt\/produto\/suporte-teto-trydan\/#breadcrumb\",\"itemListElement\":[{\"@type\":\"ListItem\",\"position\":1,\"name\":\"Portada\",\"item\":\"https:\/\/v2charge.com\/store\/\"},{\"@type\":\"ListItem\",\"position\":2,\"name\":\"Compra\",\"item\":\"https:\/\/v2charge.com\/store\/compra\/\"},{\"@type\":\"ListItem\",\"position\":3,\"name\":\"Suporte de teto para Trydan\/Trydan Pro\"}]},{\"@type\":\"WebSite\",\"@id\":\"https:\/\/v2charge.com\/store\/#website\",\"url\":\"https:\/\/v2charge.com\/store\/\",\"name\":\"V2C Store\",\"description\":\"V2C Store\",\"publisher\":{\"@id\":\"https:\/\/v2charge.com\/store\/#organization\"},\"potentialAction\":[{\"@type\":\"SearchAction\",\"target\":{\"@type\":\"EntryPoint\",\"urlTemplate\":\"https:\/\/v2charge.com\/store\/?s={search_term_string}\"},\"query-input\":{\"@type\":\"PropertyValueSpecification\",\"valueRequired\":true,\"valueName\":\"search_term_string\"}}],\"inLanguage\":\"pt-PT\"},{\"@type\":\"Organization\",\"@id\":\"https:\/\/v2charge.com\/store\/#organization\",\"name\":\"V2C Store\",\"url\":\"https:\/\/v2charge.com\/store\/\",\"logo\":{\"@type\":\"ImageObject\",\"inLanguage\":\"pt-PT\",\"@id\":\"https:\/\/v2charge.com\/store\/#\/schema\/logo\/image\/\",\"url\":\"https:\/\/v2charge.com\/store\/wp-content\/uploads\/2022\/08\/cropped-cropped-logotipo-v2c-store-1.png\",\"contentUrl\":\"https:\/\/v2charge.com\/store\/wp-content\/uploads\/2022\/08\/cropped-cropped-logotipo-v2c-store-1.png\",\"width\":250,\"height\":65,\"caption\":\"V2C Store\"},\"image\":{\"@id\":\"https:\/\/v2charge.com\/store\/#\/schema\/logo\/image\/\"}}]}<\/script>\n<!-- \/ Yoast SEO plugin. -->","yoast_head_json":{"title":"Suporte de teto para o carregador Trydan ou Trydan Pro | V2C Store","description":"O melhor suporte para instalar o Trydan ou Trydan Pro em tetos ou coberturas | Solu\u00e7\u00e3o eficaz em ambientes abertos sem pilares ou paredes | V2C","robots":{"index":"index","follow":"follow","max-snippet":"max-snippet:-1","max-image-preview":"max-image-preview:large","max-video-preview":"max-video-preview:-1"},"canonical":"https:\/\/v2charge.com\/store\/pt-pt\/produto\/suporte-teto-trydan\/","og_locale":"pt_PT","og_type":"article","og_title":"Suporte de teto para o carregador Trydan ou Trydan Pro | V2C Store","og_description":"O melhor suporte para instalar o Trydan ou Trydan Pro em tetos ou coberturas | Solu\u00e7\u00e3o eficaz em ambientes abertos sem pilares ou paredes | V2C","og_url":"https:\/\/v2charge.com\/store\/pt-pt\/produto\/suporte-teto-trydan\/","og_site_name":"V2C Store","article_modified_time":"2026-04-14T07:13:29+00:00","og_image":[{"width":600,"height":600,"url":"https:\/\/v2charge.com\/store\/wp-content\/uploads\/2023\/07\/trydan-soporte-techo.jpg","type":"image\/jpeg"}],"twitter_card":"summary_large_image","twitter_misc":{"Tempo estimado de leitura":"1 minuto"},"schema":{"@context":"https:\/\/schema.org","@graph":[{"@type":"WebPage","@id":"https:\/\/v2charge.com\/store\/pt-pt\/produto\/suporte-teto-trydan\/","url":"https:\/\/v2charge.com\/store\/pt-pt\/produto\/suporte-teto-trydan\/","name":"Suporte de teto para o carregador Trydan ou Trydan Pro | V2C Store","isPartOf":{"@id":"https:\/\/v2charge.com\/store\/#website"},"primaryImageOfPage":{"@id":"https:\/\/v2charge.com\/store\/pt-pt\/produto\/suporte-teto-trydan\/#primaryimage"},"image":{"@id":"https:\/\/v2charge.com\/store\/pt-pt\/produto\/suporte-teto-trydan\/#primaryimage"},"thumbnailUrl":"https:\/\/v2charge.com\/store\/wp-content\/uploads\/2023\/07\/trydan-soporte-techo.jpg","datePublished":"2023-07-24T11:42:41+00:00","dateModified":"2026-04-14T07:13:29+00:00","description":"O melhor suporte para instalar o Trydan ou Trydan Pro em tetos ou coberturas | Solu\u00e7\u00e3o eficaz em ambientes abertos sem pilares ou paredes | V2C","breadcrumb":{"@id":"https:\/\/v2charge.com\/store\/pt-pt\/produto\/suporte-teto-trydan\/#breadcrumb"},"inLanguage":"pt-PT","potentialAction":[{"@type":"ReadAction","target":["https:\/\/v2charge.com\/store\/pt-pt\/produto\/suporte-teto-trydan\/"]}]},{"@type":"ImageObject","inLanguage":"pt-PT","@id":"https:\/\/v2charge.com\/store\/pt-pt\/produto\/suporte-teto-trydan\/#primaryimage","url":"https:\/\/v2charge.com\/store\/wp-content\/uploads\/2023\/07\/trydan-soporte-techo.jpg","contentUrl":"https:\/\/v2charge.com\/store\/wp-content\/uploads\/2023\/07\/trydan-soporte-techo.jpg","width":600,"height":600},{"@type":"BreadcrumbList","@id":"https:\/\/v2charge.com\/store\/pt-pt\/produto\/suporte-teto-trydan\/#breadcrumb","itemListElement":[{"@type":"ListItem","position":1,"name":"Portada","item":"https:\/\/v2charge.com\/store\/"},{"@type":"ListItem","position":2,"name":"Compra","item":"https:\/\/v2charge.com\/store\/compra\/"},{"@type":"ListItem","position":3,"name":"Suporte de teto para Trydan\/Trydan Pro"}]},{"@type":"WebSite","@id":"https:\/\/v2charge.com\/store\/#website","url":"https:\/\/v2charge.com\/store\/","name":"V2C Store","description":"V2C Store","publisher":{"@id":"https:\/\/v2charge.com\/store\/#organization"},"potentialAction":[{"@type":"SearchAction","target":{"@type":"EntryPoint","urlTemplate":"https:\/\/v2charge.com\/store\/?s={search_term_string}"},"query-input":{"@type":"PropertyValueSpecification","valueRequired":true,"valueName":"search_term_string"}}],"inLanguage":"pt-PT"},{"@type":"Organization","@id":"https:\/\/v2charge.com\/store\/#organization","name":"V2C Store","url":"https:\/\/v2charge.com\/store\/","logo":{"@type":"ImageObject","inLanguage":"pt-PT","@id":"https:\/\/v2charge.com\/store\/#\/schema\/logo\/image\/","url":"https:\/\/v2charge.com\/store\/wp-content\/uploads\/2022\/08\/cropped-cropped-logotipo-v2c-store-1.png","contentUrl":"https:\/\/v2charge.com\/store\/wp-content\/uploads\/2022\/08\/cropped-cropped-logotipo-v2c-store-1.png","width":250,"height":65,"caption":"V2C Store"},"image":{"@id":"https:\/\/v2charge.com\/store\/#\/schema\/logo\/image\/"}}]}},"_links":{"self":[{"href":"https:\/\/v2charge.com\/store\/pt-pt\/wp-json\/wp\/v2\/product\/15074","targetHints":{"allow":["GET"]}}],"collection":[{"href":"https:\/\/v2charge.com\/store\/pt-pt\/wp-json\/wp\/v2\/product"}],"about":[{"href":"https:\/\/v2charge.com\/store\/pt-pt\/wp-json\/wp\/v2\/types\/product"}],"wp:featuredmedia":[{"embeddable":true,"href":"https:\/\/v2charge.com\/store\/pt-pt\/wp-json\/wp\/v2\/media\/15075"}],"wp:attachment":[{"href":"https:\/\/v2charge.com\/store\/pt-pt\/wp-json\/wp\/v2\/media?parent=15074"}],"wp:term":[{"taxonomy":"product_brand","embeddable":true,"href":"https:\/\/v2charge.com\/store\/pt-pt\/wp-json\/wp\/v2\/product_brand?post=15074"},{"taxonomy":"product_cat","embeddable":true,"href":"https:\/\/v2charge.com\/store\/pt-pt\/wp-json\/wp\/v2\/product_cat?post=15074"},{"taxonomy":"product_tag","embeddable":true,"href":"https:\/\/v2charge.com\/store\/pt-pt\/wp-json\/wp\/v2\/product_tag?post=15074"}],"curies":[{"name":"wp","href":"https:\/\/api.w.org\/{rel}","templated":true}]}}

<p>Este suporte permite uma instalação simples em <strong>tetos</strong> e <strong>coberturas</strong>, ideal para usufruir do carregador em <strong>ambientes abertos onde não existam pilares ou paredes</strong>.</p>
<h2>Características técnicas do suporte de teto</h2>
<p class="p3"><strong>Material<br />
</strong>Chapa de ferro de 1,5 mm revestida com epoxy.</p>
<p><strong>Fixação</strong><br />
Do suporte: Através de 6 parafusos DIN 571 6&#215;55 com buchas nº6&#215;50.<br />
Do Trydan: Através de 4 parafusos DIN 7985 M5, 4 anilhas DIN 125 5,3 e 4 porcas DIN 934 M5.</p>
<p><strong>Dimensões</strong><br />
Largura: 90 mm<br />
Altura: 690 mm<br />
Profundidade: 135 mm</p>
<p><strong>Peso</strong><br />
3,5 kg</p>

<p class="p1">Com um design elegante e robusto, o <strong>suporte de teto</strong> para Trydan ou Trydan Pro é a solução perfeita quando não é possível instalar o e-Charger na parede.</p>

<!-- This site is optimized with the Yoast SEO plugin v27.0 - https://yoast.com/product/yoast-seo-wordpress/ -->
<title>Suporte de teto para o carregador Trydan ou Trydan Pro | V2C Store</title>
<meta name="description" content="O melhor suporte para instalar o Trydan ou Trydan Pro em tetos ou coberturas | Solução eficaz em ambientes abertos sem pilares ou paredes | V2C" />
<meta name="robots" content="index, follow, max-snippet:-1, max-image-preview:large, max-video-preview:-1" />
<link rel="canonical" href="https://v2charge.com/store/pt-pt/produto/suporte-teto-trydan/" />
<meta property="og:locale" content="pt_PT" />
<meta property="og:type" content="article" />
<meta property="og:title" content="Suporte de teto para o carregador Trydan ou Trydan Pro | V2C Store" />
<meta property="og:description" content="O melhor suporte para instalar o Trydan ou Trydan Pro em tetos ou coberturas | Solução eficaz em ambientes abertos sem pilares ou paredes | V2C" />
<meta property="og:url" content="https://v2charge.com/store/pt-pt/produto/suporte-teto-trydan/" />
<meta property="og:site_name" content="V2C Store" />
<meta property="article:modified_time" content="2026-04-14T07:13:29+00:00" />
<meta property="og:image" content="https://v2charge.com/store/wp-content/uploads/2023/07/trydan-soporte-techo.jpg" />
	<meta property="og:image:width" content="600" />
	<meta property="og:image:height" content="600" />
	<meta property="og:image:type" content="image/jpeg" />
<meta name="twitter:card" content="summary_large_image" />
<meta name="twitter:label1" content="Tempo estimado de leitura" />
	<meta name="twitter:data1" content="1 minuto" />
<script type="application/ld+json" class="yoast-schema-graph">{"@context":"https://schema.org","@graph":[{"@type":"WebPage","@id":"https://v2charge.com/store/pt-pt/produto/suporte-teto-trydan/","url":"https://v2charge.com/store/pt-pt/produto/suporte-teto-trydan/","name":"Suporte de teto para o carregador Trydan ou Trydan Pro | V2C Store","isPartOf":{"@id":"https://v2charge.com/store/#website"},"primaryImageOfPage":{"@id":"https://v2charge.com/store/pt-pt/produto/suporte-teto-trydan/#primaryimage"},"image":{"@id":"https://v2charge.com/store/pt-pt/produto/suporte-teto-trydan/#primaryimage"},"thumbnailUrl":"https://v2charge.com/store/wp-content/uploads/2023/07/trydan-soporte-techo.jpg","datePublished":"2023-07-24T11:42:41+00:00","dateModified":"2026-04-14T07:13:29+00:00","description":"O melhor suporte para instalar o Trydan ou Trydan Pro em tetos ou coberturas | Solução eficaz em ambientes abertos sem pilares ou paredes | V2C","breadcrumb":{"@id":"https://v2charge.com/store/pt-pt/produto/suporte-teto-trydan/#breadcrumb"},"inLanguage":"pt-PT","potentialAction":[{"@type":"ReadAction","target":["https://v2charge.com/store/pt-pt/produto/suporte-teto-trydan/"]}]},{"@type":"ImageObject","inLanguage":"pt-PT","@id":"https://v2charge.com/store/pt-pt/produto/suporte-teto-trydan/#primaryimage","url":"https://v2charge.com/store/wp-content/uploads/2023/07/trydan-soporte-techo.jpg","contentUrl":"https://v2charge.com/store/wp-content/uploads/2023/07/trydan-soporte-techo.jpg","width":600,"height":600},{"@type":"BreadcrumbList","@id":"https://v2charge.com/store/pt-pt/produto/suporte-teto-trydan/#breadcrumb","itemListElement":[{"@type":"ListItem","position":1,"name":"Portada","item":"https://v2charge.com/store/"},{"@type":"ListItem","position":2,"name":"Compra","item":"https://v2charge.com/store/compra/"},{"@type":"ListItem","position":3,"name":"Suporte de teto para Trydan/Trydan Pro"}]},{"@type":"WebSite","@id":"https://v2charge.com/store/#website","url":"https://v2charge.com/store/","name":"V2C Store","description":"V2C Store","publisher":{"@id":"https://v2charge.com/store/#organization"},"potentialAction":[{"@type":"SearchAction","target":{"@type":"EntryPoint","urlTemplate":"https://v2charge.com/store/?s={search_term_string}"},"query-input":{"@type":"PropertyValueSpecification","valueRequired":true,"valueName":"search_term_string"}}],"inLanguage":"pt-PT"},{"@type":"Organization","@id":"https://v2charge.com/store/#organization","name":"V2C Store","url":"https://v2charge.com/store/","logo":{"@type":"ImageObject","inLanguage":"pt-PT","@id":"https://v2charge.com/store/#/schema/logo/image/","url":"https://v2charge.com/store/wp-content/uploads/2022/08/cropped-cropped-logotipo-v2c-store-1.png","contentUrl":"https://v2charge.com/store/wp-content/uploads/2022/08/cropped-cropped-logotipo-v2c-store-1.png","width":250,"height":65,"caption":"V2C Store"},"image":{"@id":"https://v2charge.com/store/#/schema/logo/image/"}}]}</script>
<!-- / Yoast SEO plugin. -->

O melhor suporte para instalar o Trydan ou Trydan Pro em tetos ou coberturas | Solução eficaz em ambientes abertos sem pilares ou paredes | V2C
