{"id":15081,"date":"2023-03-13T09:41:45","date_gmt":"2023-03-13T09:41:45","guid":{"rendered":"https:\/\/v2charge.com\/store\/product\/cobertura-de-protecao-exterior-para-trydan-trydan-pro\/"},"modified":"2026-04-14T07:13:33","modified_gmt":"2026-04-14T07:13:33","slug":"cobertura-protecao-exterior","status":"publish","type":"product","link":"https:\/\/v2charge.com\/store\/pt-pt\/produto\/cobertura-protecao-exterior\/","title":{"rendered":"Cobertura de prote\u00e7\u00e3o exterior para Trydan\/Trydan Pro"},"content":{"rendered":"<p>Fabricada em metacrilato de 4\u202fmm de alta qualidade, garante a <strong>m\u00e1xima durabilidade do carregador<\/strong> ao proteg\u00ea-lo contra todas as condi\u00e7\u00f5es meteorol\u00f3gicas.<\/p>\n<p><strong>F\u00e1cil de instalar.<\/strong> Inclui buchas e parafusos para uma fixa\u00e7\u00e3o r\u00e1pida e pr\u00e1tica.<\/p>\n<p><strong>Fabricado em Espanha. <\/strong>Desenhado e fabricado em Val\u00eancia para garantir a m\u00e1xima qualidade.<\/p>\n<p><strong>M\u00e1xima resist\u00eancia. <\/strong>Material r\u00edgido e totalmente resistente ao impacto.<\/p>\n<h2>Caracter\u00edsticas t\u00e9cnicas<\/h2>\n<p class=\"p3\"><strong>Material<\/strong><br \/>\nMetacrilato preto brilhante de 4\u202fmm com borracha de poliuretano<\/p>\n<p><strong>Fixa\u00e7\u00e3o<\/strong><br \/>\nCom 3 parafusos e buchas em suportes inoxid\u00e1veis AISI 304 (inclu\u00eddos)<\/p>\n<p><strong>Dimens\u00f5es<\/strong><br \/>\nLargura: 540\u202fmm<br \/>\nAltura: 400\u202fmm<br \/>\nProfundidade: 245\u202fmm<\/p>\n<p><strong>Peso<\/strong><br \/>\n1,5\u202fkg<\/p>\n<h2>Como instalar a cobertura para Trydan ou Trydan Pro<\/h2>\n<p><iframe title=\"C\u00f3mo realizar el montaje de la cubierta de Trydan\" width=\"1150\" height=\"647\" src=\"https:\/\/www.youtube.com\/embed\/b9IJLYUwyas?feature=oembed\" frameborder=\"0\" allow=\"accelerometer; autoplay; clipboard-write; encrypted-media; gyroscope; picture-in-picture; web-share\" referrerpolicy=\"strict-origin-when-cross-origin\" allowfullscreen><\/iframe><\/p>\n","protected":false},"excerpt":{"rendered":"<p>Cobertura ou toldo para proteger o e-Charger Trydan ou Trydan Pro contra as intemp\u00e9ries.<\/p>\n<p>Garante uma <strong>prote\u00e7\u00e3o resistente<\/strong> contra chuva, neve e raios UV.<\/p>\n","protected":false},"featured_media":15082,"template":"","meta":{"content-type":"","inline_featured_image":false},"product_brand":[],"product_cat":[173],"product_tag":[],"class_list":{"0":"post-15081","1":"product","2":"type-product","3":"status-publish","4":"has-post-thumbnail","6":"product_cat-acessorios-pt","8":"first","9":"instock","10":"taxable","11":"shipping-taxable","12":"purchasable","13":"product-type-simple"},"yoast_head":"<!-- This site is optimized with the Yoast SEO plugin v27.0 - https:\/\/yoast.com\/product\/yoast-seo-wordpress\/ -->\n<title>Cobertura de prote\u00e7\u00e3o exterior para Trydan ou Trydan Pro<\/title>\n<meta name=\"description\" content=\"Cobertura ou toldo para proteger o e-Charger Trydan ou Trydan Pro das intemp\u00e9ries | M\u00e1xima resist\u00eancia | Instala\u00e7\u00e3o f\u00e1cil e r\u00e1pida\" \/>\n<meta name=\"robots\" content=\"index, follow, max-snippet:-1, max-image-preview:large, max-video-preview:-1\" \/>\n<link rel=\"canonical\" href=\"https:\/\/v2charge.com\/store\/pt-pt\/produto\/cobertura-protecao-exterior\/\" \/>\n<meta property=\"og:locale\" content=\"pt_PT\" \/>\n<meta property=\"og:type\" content=\"article\" \/>\n<meta property=\"og:title\" content=\"Cobertura de prote\u00e7\u00e3o exterior para Trydan ou Trydan Pro\" \/>\n<meta property=\"og:description\" content=\"Cobertura ou toldo para proteger o e-Charger Trydan ou Trydan Pro das intemp\u00e9ries | M\u00e1xima resist\u00eancia | Instala\u00e7\u00e3o f\u00e1cil e r\u00e1pida\" \/>\n<meta property=\"og:url\" content=\"https:\/\/v2charge.com\/store\/pt-pt\/produto\/cobertura-protecao-exterior\/\" \/>\n<meta property=\"og:site_name\" content=\"V2C Store\" \/>\n<meta property=\"article:modified_time\" content=\"2026-04-14T07:13:33+00:00\" \/>\n<meta property=\"og:image\" content=\"https:\/\/v2charge.com\/store\/wp-content\/uploads\/2023\/03\/cubierta_cargador_trydan.jpg\" \/>\n\t<meta property=\"og:image:width\" content=\"600\" \/>\n\t<meta property=\"og:image:height\" content=\"600\" \/>\n\t<meta property=\"og:image:type\" content=\"image\/jpeg\" \/>\n<meta name=\"twitter:card\" content=\"summary_large_image\" \/>\n<meta name=\"twitter:label1\" content=\"Tempo estimado de leitura\" \/>\n\t<meta name=\"twitter:data1\" content=\"1 minuto\" \/>\n<script type=\"application\/ld+json\" class=\"yoast-schema-graph\">{\"@context\":\"https:\/\/schema.org\",\"@graph\":[{\"@type\":\"WebPage\",\"@id\":\"https:\/\/v2charge.com\/store\/pt-pt\/produto\/cobertura-protecao-exterior\/\",\"url\":\"https:\/\/v2charge.com\/store\/pt-pt\/produto\/cobertura-protecao-exterior\/\",\"name\":\"Cobertura de prote\u00e7\u00e3o exterior para Trydan ou Trydan Pro\",\"isPartOf\":{\"@id\":\"https:\/\/v2charge.com\/store\/#website\"},\"primaryImageOfPage\":{\"@id\":\"https:\/\/v2charge.com\/store\/pt-pt\/produto\/cobertura-protecao-exterior\/#primaryimage\"},\"image\":{\"@id\":\"https:\/\/v2charge.com\/store\/pt-pt\/produto\/cobertura-protecao-exterior\/#primaryimage\"},\"thumbnailUrl\":\"https:\/\/v2charge.com\/store\/wp-content\/uploads\/2023\/03\/cubierta_cargador_trydan.jpg\",\"datePublished\":\"2023-03-13T09:41:45+00:00\",\"dateModified\":\"2026-04-14T07:13:33+00:00\",\"description\":\"Cobertura ou toldo para proteger o e-Charger Trydan ou Trydan Pro das intemp\u00e9ries | M\u00e1xima resist\u00eancia | Instala\u00e7\u00e3o f\u00e1cil e r\u00e1pida\",\"breadcrumb\":{\"@id\":\"https:\/\/v2charge.com\/store\/pt-pt\/produto\/cobertura-protecao-exterior\/#breadcrumb\"},\"inLanguage\":\"pt-PT\",\"potentialAction\":[{\"@type\":\"ReadAction\",\"target\":[\"https:\/\/v2charge.com\/store\/pt-pt\/produto\/cobertura-protecao-exterior\/\"]}]},{\"@type\":\"ImageObject\",\"inLanguage\":\"pt-PT\",\"@id\":\"https:\/\/v2charge.com\/store\/pt-pt\/produto\/cobertura-protecao-exterior\/#primaryimage\",\"url\":\"https:\/\/v2charge.com\/store\/wp-content\/uploads\/2023\/03\/cubierta_cargador_trydan.jpg\",\"contentUrl\":\"https:\/\/v2charge.com\/store\/wp-content\/uploads\/2023\/03\/cubierta_cargador_trydan.jpg\",\"width\":600,\"height\":600},{\"@type\":\"BreadcrumbList\",\"@id\":\"https:\/\/v2charge.com\/store\/pt-pt\/produto\/cobertura-protecao-exterior\/#breadcrumb\",\"itemListElement\":[{\"@type\":\"ListItem\",\"position\":1,\"name\":\"Portada\",\"item\":\"https:\/\/v2charge.com\/store\/\"},{\"@type\":\"ListItem\",\"position\":2,\"name\":\"Compra\",\"item\":\"https:\/\/v2charge.com\/store\/compra\/\"},{\"@type\":\"ListItem\",\"position\":3,\"name\":\"Cobertura de prote\u00e7\u00e3o exterior para Trydan\/Trydan Pro\"}]},{\"@type\":\"WebSite\",\"@id\":\"https:\/\/v2charge.com\/store\/#website\",\"url\":\"https:\/\/v2charge.com\/store\/\",\"name\":\"V2C Store\",\"description\":\"V2C Store\",\"publisher\":{\"@id\":\"https:\/\/v2charge.com\/store\/#organization\"},\"potentialAction\":[{\"@type\":\"SearchAction\",\"target\":{\"@type\":\"EntryPoint\",\"urlTemplate\":\"https:\/\/v2charge.com\/store\/?s={search_term_string}\"},\"query-input\":{\"@type\":\"PropertyValueSpecification\",\"valueRequired\":true,\"valueName\":\"search_term_string\"}}],\"inLanguage\":\"pt-PT\"},{\"@type\":\"Organization\",\"@id\":\"https:\/\/v2charge.com\/store\/#organization\",\"name\":\"V2C Store\",\"url\":\"https:\/\/v2charge.com\/store\/\",\"logo\":{\"@type\":\"ImageObject\",\"inLanguage\":\"pt-PT\",\"@id\":\"https:\/\/v2charge.com\/store\/#\/schema\/logo\/image\/\",\"url\":\"https:\/\/v2charge.com\/store\/wp-content\/uploads\/2022\/08\/cropped-cropped-logotipo-v2c-store-1.png\",\"contentUrl\":\"https:\/\/v2charge.com\/store\/wp-content\/uploads\/2022\/08\/cropped-cropped-logotipo-v2c-store-1.png\",\"width\":250,\"height\":65,\"caption\":\"V2C Store\"},\"image\":{\"@id\":\"https:\/\/v2charge.com\/store\/#\/schema\/logo\/image\/\"}}]}<\/script>\n<!-- \/ Yoast SEO plugin. -->","yoast_head_json":{"title":"Cobertura de prote\u00e7\u00e3o exterior para Trydan ou Trydan Pro","description":"Cobertura ou toldo para proteger o e-Charger Trydan ou Trydan Pro das intemp\u00e9ries | M\u00e1xima resist\u00eancia | Instala\u00e7\u00e3o f\u00e1cil e r\u00e1pida","robots":{"index":"index","follow":"follow","max-snippet":"max-snippet:-1","max-image-preview":"max-image-preview:large","max-video-preview":"max-video-preview:-1"},"canonical":"https:\/\/v2charge.com\/store\/pt-pt\/produto\/cobertura-protecao-exterior\/","og_locale":"pt_PT","og_type":"article","og_title":"Cobertura de prote\u00e7\u00e3o exterior para Trydan ou Trydan Pro","og_description":"Cobertura ou toldo para proteger o e-Charger Trydan ou Trydan Pro das intemp\u00e9ries | M\u00e1xima resist\u00eancia | Instala\u00e7\u00e3o f\u00e1cil e r\u00e1pida","og_url":"https:\/\/v2charge.com\/store\/pt-pt\/produto\/cobertura-protecao-exterior\/","og_site_name":"V2C Store","article_modified_time":"2026-04-14T07:13:33+00:00","og_image":[{"width":600,"height":600,"url":"https:\/\/v2charge.com\/store\/wp-content\/uploads\/2023\/03\/cubierta_cargador_trydan.jpg","type":"image\/jpeg"}],"twitter_card":"summary_large_image","twitter_misc":{"Tempo estimado de leitura":"1 minuto"},"schema":{"@context":"https:\/\/schema.org","@graph":[{"@type":"WebPage","@id":"https:\/\/v2charge.com\/store\/pt-pt\/produto\/cobertura-protecao-exterior\/","url":"https:\/\/v2charge.com\/store\/pt-pt\/produto\/cobertura-protecao-exterior\/","name":"Cobertura de prote\u00e7\u00e3o exterior para Trydan ou Trydan Pro","isPartOf":{"@id":"https:\/\/v2charge.com\/store\/#website"},"primaryImageOfPage":{"@id":"https:\/\/v2charge.com\/store\/pt-pt\/produto\/cobertura-protecao-exterior\/#primaryimage"},"image":{"@id":"https:\/\/v2charge.com\/store\/pt-pt\/produto\/cobertura-protecao-exterior\/#primaryimage"},"thumbnailUrl":"https:\/\/v2charge.com\/store\/wp-content\/uploads\/2023\/03\/cubierta_cargador_trydan.jpg","datePublished":"2023-03-13T09:41:45+00:00","dateModified":"2026-04-14T07:13:33+00:00","description":"Cobertura ou toldo para proteger o e-Charger Trydan ou Trydan Pro das intemp\u00e9ries | M\u00e1xima resist\u00eancia | Instala\u00e7\u00e3o f\u00e1cil e r\u00e1pida","breadcrumb":{"@id":"https:\/\/v2charge.com\/store\/pt-pt\/produto\/cobertura-protecao-exterior\/#breadcrumb"},"inLanguage":"pt-PT","potentialAction":[{"@type":"ReadAction","target":["https:\/\/v2charge.com\/store\/pt-pt\/produto\/cobertura-protecao-exterior\/"]}]},{"@type":"ImageObject","inLanguage":"pt-PT","@id":"https:\/\/v2charge.com\/store\/pt-pt\/produto\/cobertura-protecao-exterior\/#primaryimage","url":"https:\/\/v2charge.com\/store\/wp-content\/uploads\/2023\/03\/cubierta_cargador_trydan.jpg","contentUrl":"https:\/\/v2charge.com\/store\/wp-content\/uploads\/2023\/03\/cubierta_cargador_trydan.jpg","width":600,"height":600},{"@type":"BreadcrumbList","@id":"https:\/\/v2charge.com\/store\/pt-pt\/produto\/cobertura-protecao-exterior\/#breadcrumb","itemListElement":[{"@type":"ListItem","position":1,"name":"Portada","item":"https:\/\/v2charge.com\/store\/"},{"@type":"ListItem","position":2,"name":"Compra","item":"https:\/\/v2charge.com\/store\/compra\/"},{"@type":"ListItem","position":3,"name":"Cobertura de prote\u00e7\u00e3o exterior para Trydan\/Trydan Pro"}]},{"@type":"WebSite","@id":"https:\/\/v2charge.com\/store\/#website","url":"https:\/\/v2charge.com\/store\/","name":"V2C Store","description":"V2C Store","publisher":{"@id":"https:\/\/v2charge.com\/store\/#organization"},"potentialAction":[{"@type":"SearchAction","target":{"@type":"EntryPoint","urlTemplate":"https:\/\/v2charge.com\/store\/?s={search_term_string}"},"query-input":{"@type":"PropertyValueSpecification","valueRequired":true,"valueName":"search_term_string"}}],"inLanguage":"pt-PT"},{"@type":"Organization","@id":"https:\/\/v2charge.com\/store\/#organization","name":"V2C Store","url":"https:\/\/v2charge.com\/store\/","logo":{"@type":"ImageObject","inLanguage":"pt-PT","@id":"https:\/\/v2charge.com\/store\/#\/schema\/logo\/image\/","url":"https:\/\/v2charge.com\/store\/wp-content\/uploads\/2022\/08\/cropped-cropped-logotipo-v2c-store-1.png","contentUrl":"https:\/\/v2charge.com\/store\/wp-content\/uploads\/2022\/08\/cropped-cropped-logotipo-v2c-store-1.png","width":250,"height":65,"caption":"V2C Store"},"image":{"@id":"https:\/\/v2charge.com\/store\/#\/schema\/logo\/image\/"}}]}},"_links":{"self":[{"href":"https:\/\/v2charge.com\/store\/pt-pt\/wp-json\/wp\/v2\/product\/15081","targetHints":{"allow":["GET"]}}],"collection":[{"href":"https:\/\/v2charge.com\/store\/pt-pt\/wp-json\/wp\/v2\/product"}],"about":[{"href":"https:\/\/v2charge.com\/store\/pt-pt\/wp-json\/wp\/v2\/types\/product"}],"wp:featuredmedia":[{"embeddable":true,"href":"https:\/\/v2charge.com\/store\/pt-pt\/wp-json\/wp\/v2\/media\/15082"}],"wp:attachment":[{"href":"https:\/\/v2charge.com\/store\/pt-pt\/wp-json\/wp\/v2\/media?parent=15081"}],"wp:term":[{"taxonomy":"product_brand","embeddable":true,"href":"https:\/\/v2charge.com\/store\/pt-pt\/wp-json\/wp\/v2\/product_brand?post=15081"},{"taxonomy":"product_cat","embeddable":true,"href":"https:\/\/v2charge.com\/store\/pt-pt\/wp-json\/wp\/v2\/product_cat?post=15081"},{"taxonomy":"product_tag","embeddable":true,"href":"https:\/\/v2charge.com\/store\/pt-pt\/wp-json\/wp\/v2\/product_tag?post=15081"}],"curies":[{"name":"wp","href":"https:\/\/api.w.org\/{rel}","templated":true}]}}

Cobertura de proteção exterior para Trydan/Trydan Pro

<p>Fabricada em metacrilato de 4 mm de alta qualidade, garante a <strong>máxima durabilidade do carregador</strong> ao protegê-lo contra todas as condições meteorológicas.</p>
<p><strong>Fácil de instalar.</strong> Inclui buchas e parafusos para uma fixação rápida e prática.</p>
<p><strong>Fabricado em Espanha. </strong>Desenhado e fabricado em Valência para garantir a máxima qualidade.</p>
<p><strong>Máxima resistência. </strong>Material rígido e totalmente resistente ao impacto.</p>
<h2>Características técnicas</h2>
<p class="p3"><strong>Material</strong><br />
Metacrilato preto brilhante de 4 mm com borracha de poliuretano</p>
<p><strong>Fixação</strong><br />
Com 3 parafusos e buchas em suportes inoxidáveis AISI 304 (incluídos)</p>
<p><strong>Dimensões</strong><br />
Largura: 540 mm<br />
Altura: 400 mm<br />
Profundidade: 245 mm</p>
<p><strong>Peso</strong><br />
1,5 kg</p>
<h2>Como instalar a cobertura para Trydan ou Trydan Pro</h2>
<p><iframe title="Cómo realizar el montaje de la cubierta de Trydan" width="1150" height="647" src="https://www.youtube.com/embed/b9IJLYUwyas?feature=oembed" frameborder="0" allow="accelerometer; autoplay; clipboard-write; encrypted-media; gyroscope; picture-in-picture; web-share" referrerpolicy="strict-origin-when-cross-origin" allowfullscreen></iframe></p>

<p>Cobertura ou toldo para proteger o e-Charger Trydan ou Trydan Pro contra as intempéries.</p>
<p>Garante uma <strong>proteção resistente</strong> contra chuva, neve e raios UV.</p>

<!-- This site is optimized with the Yoast SEO plugin v27.0 - https://yoast.com/product/yoast-seo-wordpress/ -->
<title>Cobertura de proteção exterior para Trydan ou Trydan Pro</title>
<meta name="description" content="Cobertura ou toldo para proteger o e-Charger Trydan ou Trydan Pro das intempéries | Máxima resistência | Instalação fácil e rápida" />
<meta name="robots" content="index, follow, max-snippet:-1, max-image-preview:large, max-video-preview:-1" />
<link rel="canonical" href="https://v2charge.com/store/pt-pt/produto/cobertura-protecao-exterior/" />
<meta property="og:locale" content="pt_PT" />
<meta property="og:type" content="article" />
<meta property="og:title" content="Cobertura de proteção exterior para Trydan ou Trydan Pro" />
<meta property="og:description" content="Cobertura ou toldo para proteger o e-Charger Trydan ou Trydan Pro das intempéries | Máxima resistência | Instalação fácil e rápida" />
<meta property="og:url" content="https://v2charge.com/store/pt-pt/produto/cobertura-protecao-exterior/" />
<meta property="og:site_name" content="V2C Store" />
<meta property="article:modified_time" content="2026-04-14T07:13:33+00:00" />
<meta property="og:image" content="https://v2charge.com/store/wp-content/uploads/2023/03/cubierta_cargador_trydan.jpg" />
	<meta property="og:image:width" content="600" />
	<meta property="og:image:height" content="600" />
	<meta property="og:image:type" content="image/jpeg" />
<meta name="twitter:card" content="summary_large_image" />
<meta name="twitter:label1" content="Tempo estimado de leitura" />
	<meta name="twitter:data1" content="1 minuto" />
<script type="application/ld+json" class="yoast-schema-graph">{"@context":"https://schema.org","@graph":[{"@type":"WebPage","@id":"https://v2charge.com/store/pt-pt/produto/cobertura-protecao-exterior/","url":"https://v2charge.com/store/pt-pt/produto/cobertura-protecao-exterior/","name":"Cobertura de proteção exterior para Trydan ou Trydan Pro","isPartOf":{"@id":"https://v2charge.com/store/#website"},"primaryImageOfPage":{"@id":"https://v2charge.com/store/pt-pt/produto/cobertura-protecao-exterior/#primaryimage"},"image":{"@id":"https://v2charge.com/store/pt-pt/produto/cobertura-protecao-exterior/#primaryimage"},"thumbnailUrl":"https://v2charge.com/store/wp-content/uploads/2023/03/cubierta_cargador_trydan.jpg","datePublished":"2023-03-13T09:41:45+00:00","dateModified":"2026-04-14T07:13:33+00:00","description":"Cobertura ou toldo para proteger o e-Charger Trydan ou Trydan Pro das intempéries | Máxima resistência | Instalação fácil e rápida","breadcrumb":{"@id":"https://v2charge.com/store/pt-pt/produto/cobertura-protecao-exterior/#breadcrumb"},"inLanguage":"pt-PT","potentialAction":[{"@type":"ReadAction","target":["https://v2charge.com/store/pt-pt/produto/cobertura-protecao-exterior/"]}]},{"@type":"ImageObject","inLanguage":"pt-PT","@id":"https://v2charge.com/store/pt-pt/produto/cobertura-protecao-exterior/#primaryimage","url":"https://v2charge.com/store/wp-content/uploads/2023/03/cubierta_cargador_trydan.jpg","contentUrl":"https://v2charge.com/store/wp-content/uploads/2023/03/cubierta_cargador_trydan.jpg","width":600,"height":600},{"@type":"BreadcrumbList","@id":"https://v2charge.com/store/pt-pt/produto/cobertura-protecao-exterior/#breadcrumb","itemListElement":[{"@type":"ListItem","position":1,"name":"Portada","item":"https://v2charge.com/store/"},{"@type":"ListItem","position":2,"name":"Compra","item":"https://v2charge.com/store/compra/"},{"@type":"ListItem","position":3,"name":"Cobertura de proteção exterior para Trydan/Trydan Pro"}]},{"@type":"WebSite","@id":"https://v2charge.com/store/#website","url":"https://v2charge.com/store/","name":"V2C Store","description":"V2C Store","publisher":{"@id":"https://v2charge.com/store/#organization"},"potentialAction":[{"@type":"SearchAction","target":{"@type":"EntryPoint","urlTemplate":"https://v2charge.com/store/?s={search_term_string}"},"query-input":{"@type":"PropertyValueSpecification","valueRequired":true,"valueName":"search_term_string"}}],"inLanguage":"pt-PT"},{"@type":"Organization","@id":"https://v2charge.com/store/#organization","name":"V2C Store","url":"https://v2charge.com/store/","logo":{"@type":"ImageObject","inLanguage":"pt-PT","@id":"https://v2charge.com/store/#/schema/logo/image/","url":"https://v2charge.com/store/wp-content/uploads/2022/08/cropped-cropped-logotipo-v2c-store-1.png","contentUrl":"https://v2charge.com/store/wp-content/uploads/2022/08/cropped-cropped-logotipo-v2c-store-1.png","width":250,"height":65,"caption":"V2C Store"},"image":{"@id":"https://v2charge.com/store/#/schema/logo/image/"}}]}</script>
<!-- / Yoast SEO plugin. -->

Cobertura de proteção exterior para Trydan ou Trydan Pro

Cobertura ou toldo para proteger o e-Charger Trydan ou Trydan Pro das intempéries | Máxima resistência | Instalação fácil e rápida
